{"id":81,"date":"2025-01-16T08:48:40","date_gmt":"2025-01-16T08:48:40","guid":{"rendered":"https:\/\/wp.elisabethzambach.dk\/?page_id=81"},"modified":"2026-01-19T14:52:30","modified_gmt":"2026-01-19T14:52:30","slug":"kontakt","status":"publish","type":"page","link":"https:\/\/www.elisabethzambach.dk\/?page_id=81","title":{"rendered":"Kontakt"},"content":{"rendered":"\t\t<div data-elementor-type=\"wp-page\" data-elementor-id=\"81\" class=\"elementor elementor-81\" data-elementor-post-type=\"page\">\n\t\t\t\t<div class=\"elementor-element elementor-element-5ea45d8 e-flex e-con-boxed e-con e-parent\" data-id=\"5ea45d8\" data-element_type=\"container\" data-e-type=\"container\">\n\t\t\t\t\t<div class=\"e-con-inner\">\n\t\t\t\t<div class=\"elementor-element elementor-element-8889c2e elementor-widget elementor-widget-spacer\" data-id=\"8889c2e\" data-element_type=\"widget\" data-e-type=\"widget\" data-widget_type=\"spacer.default\">\n\t\t\t\t<div class=\"elementor-widget-container\">\n\t\t\t\t\t\t\t<div class=\"elementor-spacer\">\n\t\t\t<div class=\"elementor-spacer-inner\"><\/div>\n\t\t<\/div>\n\t\t\t\t\t\t<\/div>\n\t\t\t\t<\/div>\n\t\t\t\t<div class=\"elementor-element elementor-element-4a7e549 elementor-widget elementor-widget-heading\" data-id=\"4a7e549\" data-element_type=\"widget\" data-e-type=\"widget\" data-widget_type=\"heading.default\">\n\t\t\t\t<div class=\"elementor-widget-container\">\n\t\t\t\t\t<h2 class=\"elementor-heading-title elementor-size-default\">Kontakt<\/h2>\t\t\t\t<\/div>\n\t\t\t\t<\/div>\n\t\t\t\t\t<\/div>\n\t\t\t\t<\/div>\n\t\t<div class=\"elementor-element elementor-element-4c6554c e-flex e-con-boxed e-con e-parent\" data-id=\"4c6554c\" data-element_type=\"container\" data-e-type=\"container\">\n\t\t\t\t\t<div class=\"e-con-inner\">\n\t\t\t\t<div class=\"elementor-element elementor-element-ce6553c elementor-widget elementor-widget-text-editor\" data-id=\"ce6553c\" data-element_type=\"widget\" data-e-type=\"widget\" data-widget_type=\"text-editor.default\">\n\t\t\t\t<div class=\"elementor-widget-container\">\n\t\t\t\t\t\t\t\t\t<div class=\"page-content row\"><p><b>Kun konsultation efter forudg\u00e5ende aftale.<\/b><\/p><p>Telefontid:<br \/>Mandag til torsdag kl. 11.00 &#8211; 12.45.<br \/>tlf: 58561100<\/p><p><b>Adresse:<\/b><br \/>N\u00f8rregade 12, 1. sal<br \/>4100 Ringsted<\/p><p><b>E-mail:<\/b><br \/>Patienter der har et forl\u00f8b i klinikken kan sende sikker E-mail via hjemmesiden. Mail kan anvendes til receptfornyelse (ikke methylphenidat) og kortere meddelelser. Vedr\u00f8rende alle \u00f8vrige henvendelser henvises til telefontiden.<\/p><\/div><div class=\"page-content row\"><table class=\"table table-responsive TimeTable\"><thead><tr id=\"bar\"><th>Dag<\/th><th scope=\"col\">Telefontid<\/th><th scope=\"col\">Konsultation<\/th><\/tr><\/thead><tbody><tr><td class=\"firsttd\" data-label=\"Mandag\"><b>Mandag<\/b><\/td><td data-label=\"Telefontid\">1100-1300<\/td><td data-label=\"Konsultation\">0815-1515<\/td><\/tr><tr><td class=\"firsttd\" data-label=\"Tirsdag\"><b>Tirsdag<\/b><\/td><td data-label=\"Telefontid\">1100-1300<\/td><td data-label=\"Konsultation\">0815-1715<\/td><\/tr><tr><td class=\"firsttd\" data-label=\"Onsdag\"><b>Onsdag<\/b><\/td><td data-label=\"Telefontid\">1100-1300<\/td><td data-label=\"Konsultation\">0815-1515<\/td><\/tr><tr><td class=\"firsttd\" data-label=\"Torsdag\"><b>Torsdag<\/b><\/td><td data-label=\"Telefontid\">1100-1300<\/td><td data-label=\"Konsultation\">0815-1515<\/td><\/tr><tr><td class=\"firsttd\" data-label=\"Fredag\"><b>Fredag<\/b><\/td><td data-label=\"Telefontid\">\u00a0<\/td><\/tr><\/tbody><\/table><\/div>\t\t\t\t\t\t\t\t<\/div>\n\t\t\t\t<\/div>\n\t\t\t\t\t<\/div>\n\t\t\t\t<\/div>\n\t\t<div class=\"elementor-element elementor-element-c6ff9bf e-flex e-con-boxed e-con e-parent\" data-id=\"c6ff9bf\" data-element_type=\"container\" data-e-type=\"container\">\n\t\t\t\t\t<div class=\"e-con-inner\">\n\t\t<div class=\"elementor-element elementor-element-7c1d0cc e-grid e-con-full e-con e-child\" data-id=\"7c1d0cc\" data-element_type=\"container\" data-e-type=\"container\">\n\t\t\t\t<div class=\"elementor-element elementor-element-15deb76 elementor-align-justify elementor-widget elementor-widget-button\" data-id=\"15deb76\" data-element_type=\"widget\" data-e-type=\"widget\" data-widget_type=\"button.default\">\n\t\t\t\t<div class=\"elementor-widget-container\">\n\t\t\t\t\t\t\t\t\t<div class=\"elementor-button-wrapper\">\n\t\t\t\t\t<a class=\"elementor-button elementor-button-link elementor-size-sm elementor-animation-bounce-in\" href=\"https:\/\/www.sundhed.dk\/borger\/min-side\/min-sundhedsjournal\/medicinkortet\/\">\n\t\t\t\t\t\t<span class=\"elementor-button-content-wrapper\">\n\t\t\t\t\t\t\t\t\t<span class=\"elementor-button-text\">Receptfornyelse<\/span>\n\t\t\t\t\t<\/span>\n\t\t\t\t\t<\/a>\n\t\t\t\t<\/div>\n\t\t\t\t\t\t\t\t<\/div>\n\t\t\t\t<\/div>\n\t\t\t\t<div class=\"elementor-element elementor-element-4b44b78 elementor-align-justify elementor-widget elementor-widget-button\" data-id=\"4b44b78\" data-element_type=\"widget\" data-e-type=\"widget\" data-widget_type=\"button.default\">\n\t\t\t\t<div class=\"elementor-widget-container\">\n\t\t\t\t\t\t\t\t\t<div class=\"elementor-button-wrapper\">\n\t\t\t\t\t<a class=\"elementor-button elementor-button-link elementor-size-sm elementor-animation-bounce-in\" href=\"https:\/\/www.elisabethzambach.dk\/?page_id=96\">\n\t\t\t\t\t\t<span class=\"elementor-button-content-wrapper\">\n\t\t\t\t\t\t\t\t\t<span class=\"elementor-button-text\">E-konsultation<\/span>\n\t\t\t\t\t<\/span>\n\t\t\t\t\t<\/a>\n\t\t\t\t<\/div>\n\t\t\t\t\t\t\t\t<\/div>\n\t\t\t\t<\/div>\n\t\t\t\t<div class=\"elementor-element elementor-element-7d5eb49 elementor-align-justify elementor-widget elementor-widget-button\" data-id=\"7d5eb49\" data-element_type=\"widget\" data-e-type=\"widget\" data-widget_type=\"button.default\">\n\t\t\t\t<div class=\"elementor-widget-container\">\n\t\t\t\t\t\t\t\t\t<div class=\"elementor-button-wrapper\">\n\t\t\t\t\t<a class=\"elementor-button elementor-button-link elementor-size-sm elementor-animation-bounce-in\" href=\"https:\/\/www.elisabethzambach.dk\/?page_id=94\">\n\t\t\t\t\t\t<span class=\"elementor-button-content-wrapper\">\n\t\t\t\t\t\t\t\t\t<span class=\"elementor-button-text\">Tidsbestilling<\/span>\n\t\t\t\t\t<\/span>\n\t\t\t\t\t<\/a>\n\t\t\t\t<\/div>\n\t\t\t\t\t\t\t\t<\/div>\n\t\t\t\t<\/div>\n\t\t\t\t<\/div>\n\t\t\t\t<div class=\"elementor-element elementor-element-6a23f36 elementor-widget elementor-widget-heading\" data-id=\"6a23f36\" data-element_type=\"widget\" data-e-type=\"widget\" data-widget_type=\"heading.default\">\n\t\t\t\t<div class=\"elementor-widget-container\">\n\t\t\t\t\t<h2 class=\"elementor-heading-title elementor-size-default\">Selvbetjening g\u00e6lder kun for patienter med tilknytning til klinikken<\/h2>\t\t\t\t<\/div>\n\t\t\t\t<\/div>\n\t\t\t\t<div class=\"elementor-element elementor-element-67ba263 elementor-widget elementor-widget-spacer\" data-id=\"67ba263\" data-element_type=\"widget\" data-e-type=\"widget\" data-widget_type=\"spacer.default\">\n\t\t\t\t<div class=\"elementor-widget-container\">\n\t\t\t\t\t\t\t<div class=\"elementor-spacer\">\n\t\t\t<div class=\"elementor-spacer-inner\"><\/div>\n\t\t<\/div>\n\t\t\t\t\t\t<\/div>\n\t\t\t\t<\/div>\n\t\t\t\t<div class=\"elementor-element elementor-element-00f7831 elementor-widget elementor-widget-heading\" data-id=\"00f7831\" data-element_type=\"widget\" data-e-type=\"widget\" data-widget_type=\"heading.default\">\n\t\t\t\t<div class=\"elementor-widget-container\">\n\t\t\t\t\t<h2 class=\"elementor-heading-title elementor-size-default\">Find vej<\/h2>\t\t\t\t<\/div>\n\t\t\t\t<\/div>\n\t\t\t\t<div class=\"elementor-element elementor-element-119029d elementor-widget elementor-widget-image\" data-id=\"119029d\" data-element_type=\"widget\" data-e-type=\"widget\" data-widget_type=\"image.default\">\n\t\t\t\t<div class=\"elementor-widget-container\">\n\t\t\t\t\t\t\t\t\t\t\t\t<figure class=\"wp-caption\">\n\t\t\t\t\t\t\t\t\t\t\t<a href=\"https:\/\/maps.app.goo.gl\/m3CGHg98igsLvFuMA\">\n\t\t\t\t\t\t\t<img fetchpriority=\"high\" decoding=\"async\" width=\"747\" height=\"395\" src=\"https:\/\/www.elisabethzambach.dk\/wp-content\/uploads\/2025\/01\/Maps-Elisabeth-Zambach.png\" class=\"attachment-large size-large wp-image-174\" alt=\"\" srcset=\"https:\/\/www.elisabethzambach.dk\/wp-content\/uploads\/2025\/01\/Maps-Elisabeth-Zambach.png 747w, https:\/\/www.elisabethzambach.dk\/wp-content\/uploads\/2025\/01\/Maps-Elisabeth-Zambach-300x159.png 300w\" sizes=\"(max-width: 747px) 100vw, 747px\" \/>\t\t\t\t\t\t\t\t<\/a>\n\t\t\t\t\t\t\t\t\t\t\t<figcaption class=\"widget-image-caption wp-caption-text\">Tryk p\u00e5 billedet for rutevejledning<\/figcaption>\n\t\t\t\t\t\t\t\t\t\t<\/figure>\n\t\t\t\t\t\t\t\t\t<\/div>\n\t\t\t\t<\/div>\n\t\t\t\t\t<\/div>\n\t\t\t\t<\/div>\n\t\t\t\t<\/div>\n\t\t","protected":false},"excerpt":{"rendered":"<p>Kontakt Kun konsultation efter forudg\u00e5ende aftale. Telefontid:Mandag til torsdag kl. 11.00 &#8211; 12.45.tlf: 58561100 Adresse:N\u00f8rregade 12, 1. sal4100 Ringsted E-mail:Patienter der har et forl\u00f8b i klinikken kan sende sikker E-mail via hjemmesiden. Mail kan anvendes til receptfornyelse (ikke methylphenidat) og kortere meddelelser. Vedr\u00f8rende alle \u00f8vrige henvendelser henvises til telefontiden. Dag Telefontid Konsultation Mandag 1100-1300 0815-1515 [&hellip;]<\/p>\n","protected":false},"author":1,"featured_media":0,"parent":0,"menu_order":0,"comment_status":"closed","ping_status":"closed","template":"","meta":{"footnotes":""},"class_list":["post-81","page","type-page","status-publish","hentry"],"_links":{"self":[{"href":"https:\/\/www.elisabethzambach.dk\/index.php?rest_route=\/wp\/v2\/pages\/81","targetHints":{"allow":["GET"]}}],"collection":[{"href":"https:\/\/www.elisabethzambach.dk\/index.php?rest_route=\/wp\/v2\/pages"}],"about":[{"href":"https:\/\/www.elisabethzambach.dk\/index.php?rest_route=\/wp\/v2\/types\/page"}],"author":[{"embeddable":true,"href":"https:\/\/www.elisabethzambach.dk\/index.php?rest_route=\/wp\/v2\/users\/1"}],"replies":[{"embeddable":true,"href":"https:\/\/www.elisabethzambach.dk\/index.php?rest_route=%2Fwp%2Fv2%2Fcomments&post=81"}],"version-history":[{"count":16,"href":"https:\/\/www.elisabethzambach.dk\/index.php?rest_route=\/wp\/v2\/pages\/81\/revisions"}],"predecessor-version":[{"id":502,"href":"https:\/\/www.elisabethzambach.dk\/index.php?rest_route=\/wp\/v2\/pages\/81\/revisions\/502"}],"wp:attachment":[{"href":"https:\/\/www.elisabethzambach.dk\/index.php?rest_route=%2Fwp%2Fv2%2Fmedia&parent=81"}],"curies":[{"name":"wp","href":"https:\/\/api.w.org\/{rel}","templated":true}]}}